*y - 1 - 1 = 0, 0 = -w + 2*y - 3. List the prime factors of w.
5
Let r(n) = n**3 + 6*n**2 - 7*n - 8. Let h = -21 + 15. What are the prime factors of r(h)?
2, 17
Let y = 2 + -2. Suppose y = -3*q - 3 + 12. What are the prime factors of (-184)/(-14) - q/21?
13
Suppose w - 5*j - 15 = 3*w, -3*j = 4*w + 9. Suppose w = -r + 5*r. Suppose -3*z + 5 + 43 = r. List the prime factors of z.
2
Let l(c) = -14*c + 1. Let i be l(1). Let p be 2/2*-1*7. Let y = p - i. List the prime factors of y.
2, 3
Let x be 46/(-4)*4/(-1). Suppose 0 = 4*z + 50 + x. Let l = -12 - z. What are the prime factors of l?
2, 3
Let t be (2 - 47)*3/(-9). Let h = t - 2. What are the prime factors of h?
13
Suppose z + 4*x + 0*x - 22 = 0, 4*x = 5*z - 62. Let i(c) = -c**2 - 11*c + 5. Let w be i(-11). Suppose -w*k + z + 41 = 0. List the prime factors of k.
11
Let t = 1 - 2. Let n = t + 3. List the prime factors of n.
2
Let a(k) = -10*k + 4. What are the prime factors of a(-3)?
2, 17
Suppose 7*y + 120 = 3*y. What are the prime factors of y/(-4) + (-6)/(-12)?
2
Let s(q) = 4*q + 75. List the prime factors of s(0).
3, 5
Let j = 33 + -19. Suppose 2*u + 4 - j = 0. Suppose 0*n - 35 = -u*n. List the prime factors of n.
7
Suppose 5*x = 10 + 5. Let q be (-16)/6*21/(-14). Suppose q*f - 76 = 3*v, 40 - 135 = -5*f - x*v. List the prime factors of f.
19
Let d be (-3)/15 - (-21)/5. Let a = d - 1. Suppose -r = -2*o + a - 2, -5*o = 2*r - 34. List the prime factors of r.
7
Suppose 0 = -c - 4*c + 20. Let m(p) = 2*p + 36. Let y be m(-18). Suppose y = 7*r - 2*r - 2*i - 8, -r + 6 = c*i. What are the prime factors of r?
2
Let x be -3 + (-1)/((-2)/(-2)). Let f be (4/8)/(5/200). Let c = f + x. List the prime factors of c.
2
Let i = -17 + 9. List the prime factors of (-2)/((i/(-28))/(-2)).
2, 7
Let u(h) = 2*h**2 - 30*h - 10. What are the prime factors of u(21)?
2, 11
Suppose 12*f = 9*f + 351. List the prime factors of f.
3, 13
Suppose 0 = -4*o + 5*x - 71 + 779, 2*x = -4*o + 736. What are the prime factors of o?
2, 7, 13
Let n = 41 + 84. What are the prime factors of n?
5
Suppose -342 + 32 = -2*u. List the prime factors of u.
5, 31
Let d = -45 + 85. Let g(u) = u + 6. Let p be g(-3). Suppose -2*a - 5*b + 8 = 0, 0*a - p*b - d = -2*a. List the prime factors of a.
2, 7
List the prime factors of (33/44)/(2*(-1)/(-144)).
2, 3
Suppose 0 = 2*r - 8, -t - 3*r - 2 = -6*r. Suppose 3*m - 7 = -p, 5*m = 2*p + 2*m - 5. Let k = t - p. List the prime factors of k.
2, 3
Suppose 5*m - 15 + 0 = 0. Suppose -m*j = -84 - 42. What are the prime factors of j?
2, 3, 7
Let m be (-4)/(-4)*(0 + -25). Let v = -17 - m. List the prime factors of v.
2
Let d be (3/2)/(3/112). Suppose 4*o = -4*s + d, -2*o + 2*s - 3*s + 25 = 0. List the prime factors of o.
11
Let d be 2/2 + (0 - -9). Let a(m) be the second derivative of m**5/20 - 5*m**4/6 - m**3/6 + 7*m**2 - 2*m. What are the prime factors of a(d)?
2
Suppose -u - 1 = -41. Suppose -3*c + u = -5*g, -4*c - 5*g - 60 = -9*c. List the prime factors of c.
2, 5
Suppose -4*s + 101 = -87. List the prime factors of s.
47
Let z(q) = -2*q**3 + 4*q. Let u be z(-2). Suppose -3*p + 43 = -u. List the prime factors of p.
17
Suppose 5*s + 12 = -2*i, 5*i = 4*s - 0 + 3. Let j(g) = 2*g - 2*g**2 - 4*g + 4*g**2. List the prime factors of j(s).
2, 3
Let f be 4 - (1 - 2)/(-1). Suppose -s = -f*s + 18. List the prime factors of s.
3
Let r(w) = w**3 - 7*w**2 + 8*w - 5. Let d = 7 + -1. Let b be r(d). List the prime factors of 2 + 0 + b + -2.
7
Let a(c) = 4*c - 1. Let n be a(-6). What are the prime factors of ((-64)/40)/(2/n)?
2, 5
Let f = 17 + -11. Suppose -2*m = -3*m + f. List the prime factors of m.
2, 3
Let a be 1/(1/(279/3)). Suppose -4*j = -j - a. List the prime factors of j.
31
Let l be -2 - 4*7*-1. Suppose -2*q + 20 = 2*s, 4*s - 4*q - 38 = l. List the prime factors of s.
13
Suppose -9 = 3*m - 108. List the prime factors of m.
3, 11
Let b(i) = 2*i**2 + 4*i + 2. Let a be b(-2). Let t = 30 - a. What are the prime factors of t?
2, 7
Let z(q) = -6*q - 1. Let n = 0 - 1. Let l be z(n). Suppose 2*g = 15 - l. List the prime factors of g.
5
Let s(x) = x - 2. Let t = 21 - 9. Suppose 5*m = -5*n + t + 23, 3*n - 14 = -2*m. What are the prime factors of s(m)?
5
Let c(x) = 9*x**3 + 5*x**2 - 7*x. What are the prime factors of c(2)?
2, 3, 13
Let b(o) = o**2 - o - 7. Let x = 12 - 17. Let j be b(x). Let n = -14 + j. List the prime factors of n.
3
Let x(g) = -g**2 - 10*g. Let u be x(-7). Let a = -10 + u. What are the prime factors of a?
11
What are the prime factors of 12 + -4 + (-5 - -3)?
2, 3
Suppose -4 - 8 = -2*v + 2*d, d = -3. Suppose v*y - 105 = -0*y. Suppose 4*c = 5*p - y, 5*p = -4*c + 1 - 6. What are the prime factors of p?
3
Let r(b) = 5*b**2 + 3*b - 2. Let z(m) = 4*m**2 + 2*m - 2. Let t(l) = -3*r(l) + 4*z(l). What are the prime factors of t(3)?
2
Let z(j) be the second derivative of j**4 - j**3/6 - 9*j. What are the prime factors of z(-1)?
13
Suppose 68 = 2*i - 0*i - 3*t, -170 = -5*i - 4*t. Let r = i - 5. List the prime factors of r.
29
Let u be 65/(-10) - (-1)/2. What are the prime factors of u/15 + 42/5?
2
Let p(y) = -2 + y + 3*y - 5*y + 2*y. Let o be p(5). What are the prime factors of 2*3 - (3 - o)?
2, 3
Let u(v) = v + 4. Let g be u(0). Suppose -3*x - 2 = g. What are the prime factors of (-2)/(1 + x) - -6?
2
Let w = 8 + -6. Let k = 16 + -6. Suppose -w*g = -i - 0*i + 11, i + k = -5*g. What are the prime factors of i?
5
Let a be 2/4*38 + 3. Suppose -3*i + 5*i = a. What are the prime factors of i?
11
Let p be (-6)/2 + 1*6. Let z(y) = -y**3 + 2*y**2 + 3*y + 2. Let c be z(p). What are the prime factors of c/6*(1 - -5)?
2
Let l(k) = -k - 5. Let i be l(-5). Suppose -3*w + 2 = -2*w. Let m = w + i. List the prime factors of m.
2
Suppose 5*g = -10, 5*v - g - 2*g = -159. Let y = -9 - v. What are the prime factors of y?
2, 3
Suppose 4*l + 3*b - 408 = 0, l - 408 = -3*l + 5*b. What are the prime factors of l?
2, 3, 17
Let v be (-3)/((30/4)/(-5)). Suppose -v*p - f + 2 = -4, 0 = p + 4*f - 17. Suppose 5*x - p = 9. What are the prime factors of x?
2
List the prime factors of (-8)/28 + 3335/35.
5, 19
List the prime factors of 324/27*(-1)/((-4)/83).
3, 83
Suppose 0*f - 20 = 5*f. Let a = 3 + f. List the prime factors of (-10 - a)/3*-2.
2, 3
Suppose 0 = 2*t - 7*t + 2*q + 162, -2*t = 4*q - 60. What are the prime factors of t?
2
Let i = 73 + -16. What are the prime factors of i?
3, 19
Suppose 0 = -3*b - 3*d + 3, 5*b - 14 = d + 9. Let r = 10 + -8. Let a = r + b. List the prime factors of a.
2, 3
Let w = 113 - 102. What are the prime factors of w?
11
Suppose 7*v - 3*v - 524 = 3*j, 0 = 2*j - 8. What are the prime factors of v?
2, 67
Let d(i) be the second derivative of -i**4/12 - i**3 - 7*i**2/2 + i. Let n be d(-5). What are the prime factors of 10*1 + n - -1?
3
Suppose 2*o = 5*o - 15. Let i be 21/7 - (1 - 0). Suppose -i*k + 18 = -3*w - o, 0 = k - 3*w - 19. List the prime factors of k.
2
Let w(q) = -q**2 + 15*q - 12. Let t(g) = -3*g**2 + 44*g - 36. Let r(m) = -6*t(m) + 17*w(m). What are the prime factors of r(9)?
2, 3
Let d(f) = f + 11. Suppose 8 - 2 = 3*r. Suppose r*w - u = -8 - 5, -19 = 4*w + 5*u. What are the prime factors of d(w)?
5
Let h(x) = 7*x - 3*x + 0 + 1 - 7. List the prime factors of h(8).
2, 13
Let o be (-16)/(-6)*12/8. Suppose 5*w = o*j, -24 = 4*j - 2*w + 3*w. What are the prime factors of (-5 + -10)*3/j?
3
Let p be (7 - -81) + 3 + -1. What are the prime factors of p/4 - 2/4?
2, 11
Suppose -4 = -x, -3*g - x - 2*x = -756. List the prime factors of g.
2, 31
Let l(g) = 2*g**3 - g**2 + g. Let k be l(1). Let y = 0 + k. What are the prime factors of y?
2
Let f be -8 - (-5)/(15/(-9)). List the prime factors of (-2 - 2)*f/4.
11
Let n = 37 - 20. What are the prime factors of n?
17
Let o(i) = -i**3 - 16*i**2 - 2*i - 12. What are the prime factors of o(-16)?
2, 5
Let b = 77 - 50. List the prime factors of b.
3
Suppose -2*n + 4*b = -68, -5*b + 106 = 3*n + 26. What are the prime factors of n?
2, 3, 5
Suppose -q = 2, -3*q - 22 = -3*v + 2*q. Suppose -5*s = -u + 19, -3*s = 3*u - u - 12. Let o = u - v. What are the prime factors of o?
5
Suppose 0 = -5*m + m + 2*k - 134, -m - 6 = 5*k. Let r = -93 - -136. Let p = m + r. What are the prime factors of p?
2, 3
Suppose -5*l + 2*o + 451 = 0, 0*l - 4*l - o = -366. List the prime factors of l.
7, 13
Let b(i) = 3*i**2 +